{"id":1326,"date":"2025-10-14T11:28:13","date_gmt":"2025-10-14T11:28:13","guid":{"rendered":"https:\/\/techlive.cl\/?page_id=1326"},"modified":"2025-10-14T12:33:46","modified_gmt":"2025-10-14T12:33:46","slug":"orientacion-al-cliente-trabajo-en-equipo-mejora-continua-sustentabilidad","status":"publish","type":"page","link":"https:\/\/techlive.cl\/?page_id=1326","title":{"rendered":"Pol\u00edtica de Calidad"},"content":{"rendered":"\t\t<div data-elementor-type=\"wp-page\" data-elementor-id=\"1326\" class=\"elementor elementor-1326\" data-elementor-post-type=\"page\">\n\t\t\t\t\t\t<section class=\"elementor-section elementor-top-section elementor-element elementor-element-faaff38 elementor-section-boxed elementor-section-height-default elementor-section-height-default\" data-id=\"faaff38\" data-element_type=\"section\">\n\t\t\t\t\t\t<div class=\"elementor-container elementor-column-gap-default\">\n\t\t\t\t\t<div class=\"elementor-column elementor-col-100 elementor-top-column elementor-element elementor-element-7a1f212\" data-id=\"7a1f212\" data-element_type=\"column\">\n\t\t\t<div class=\"elementor-widget-wrap elementor-element-populated\">\n\t\t\t\t\t\t<div class=\"elementor-element elementor-element-d05ac4a elementor-widget elementor-widget-heading\" data-id=\"d05ac4a\" data-element_type=\"widget\" data-widget_type=\"heading.default\">\n\t\t\t\t<div class=\"elementor-widget-container\">\n\t\t\t\t\t<h2 class=\"elementor-heading-title elementor-size-default\">Pol\u00edtica de Calidad\n<\/h2>\t\t\t\t<\/div>\n\t\t\t\t<\/div>\n\t\t\t\t<div class=\"elementor-element elementor-element-3230813 elementor-widget elementor-widget-text-editor\" data-id=\"3230813\" data-element_type=\"widget\" data-widget_type=\"text-editor.default\">\n\t\t\t\t<div class=\"elementor-widget-container\">\n\t\t\t\t\t\t\t\t\t<p>Proporcionamos servicios innovadores que se destacan por su flexibilidad acompa\u00f1ando a las empresas en <span class=\"citation-9 citation-end-9\">todo el proceso, tanto en la etapa de venta como en el desarrollo posterior. Nuestro objetivo principal es asegurar la satisfacci\u00f3n de nuestros clientes, buscando constantemente consolidar relaciones a largo plazo<\/span>, por lo que nos comprometemos a:<\/p>\t\t\t\t\t\t\t\t<\/div>\n\t\t\t\t<\/div>\n\t\t\t\t\t<\/div>\n\t\t<\/div>\n\t\t\t\t\t<\/div>\n\t\t<\/section>\n\t\t\t\t<section class=\"elementor-section elementor-top-section elementor-element elementor-element-9cd0550 elementor-section-boxed elementor-section-height-default elementor-section-height-default\" data-id=\"9cd0550\" data-element_type=\"section\">\n\t\t\t\t\t\t<div class=\"elementor-container elementor-column-gap-default\">\n\t\t\t\t\t<div class=\"elementor-column elementor-col-20 elementor-top-column elementor-element elementor-element-72b5475 elementor-invisible\" data-id=\"72b5475\" data-element_type=\"column\" data-settings=\"{&quot;background_background&quot;:&quot;classic&quot;,&quot;animation&quot;:&quot;fadeInLeft&quot;}\">\n\t\t\t<div class=\"elementor-widget-wrap elementor-element-populated\">\n\t\t\t\t\t\t<div class=\"elementor-element elementor-element-5439937 elementor-view-default elementor-widget elementor-widget-icon\" data-id=\"5439937\" data-element_type=\"widget\" data-widget_type=\"icon.default\">\n\t\t\t\t<div class=\"elementor-widget-container\">\n\t\t\t\t\t\t\t<div class=\"elementor-icon-wrapper\">\n\t\t\t<div class=\"elementor-icon\">\n\t\t\t<i aria-hidden=\"true\" class=\"fas fa-people-arrows\"><\/i>\t\t\t<\/div>\n\t\t<\/div>\n\t\t\t\t\t\t<\/div>\n\t\t\t\t<\/div>\n\t\t\t\t<div class=\"elementor-element elementor-element-2bc5a41 elementor-widget elementor-widget-text-editor\" data-id=\"2bc5a41\" data-element_type=\"widget\" data-widget_type=\"text-editor.default\">\n\t\t\t\t<div class=\"elementor-widget-container\">\n\t\t\t\t\t\t\t\t\t<h3><b>Orientaci\u00f3n al cliente<\/b><\/h3>\n<p>Satisfacer las necesidades y expectativas de los clientes y partes interesadas, cumpliendo con los acuerdos adquiridos<\/p>\t\t\t\t\t\t\t\t<\/div>\n\t\t\t\t<\/div>\n\t\t\t\t\t<\/div>\n\t\t<\/div>\n\t\t\t\t<div class=\"elementor-column elementor-col-20 elementor-top-column elementor-element elementor-element-9c610fc elementor-invisible\" data-id=\"9c610fc\" data-element_type=\"column\" data-settings=\"{&quot;background_background&quot;:&quot;classic&quot;,&quot;animation&quot;:&quot;fadeInLeft&quot;}\">\n\t\t\t<div class=\"elementor-widget-wrap elementor-element-populated\">\n\t\t\t\t\t\t<div class=\"elementor-element elementor-element-5fef3fd elementor-view-default elementor-widget elementor-widget-icon\" data-id=\"5fef3fd\" data-element_type=\"widget\" data-widget_type=\"icon.default\">\n\t\t\t\t<div class=\"elementor-widget-container\">\n\t\t\t\t\t\t\t<div class=\"elementor-icon-wrapper\">\n\t\t\t<div class=\"elementor-icon\">\n\t\t\t<i aria-hidden=\"true\" class=\"fas fa-leaf\"><\/i>\t\t\t<\/div>\n\t\t<\/div>\n\t\t\t\t\t\t<\/div>\n\t\t\t\t<\/div>\n\t\t\t\t<div class=\"elementor-element elementor-element-60324f4 elementor-widget elementor-widget-text-editor\" data-id=\"60324f4\" data-element_type=\"widget\" data-widget_type=\"text-editor.default\">\n\t\t\t\t<div class=\"elementor-widget-container\">\n\t\t\t\t\t\t\t\t\t<h3><b>Sustentabilidad<\/b><\/h3><p>Generamos modelos de negocios rentables que garantizan el \u00e9xito sostenido, con servicios y producto de calidad, personal calificado y competente, con un control en la operaci\u00f3n.<\/p>\t\t\t\t\t\t\t\t<\/div>\n\t\t\t\t<\/div>\n\t\t\t\t\t<\/div>\n\t\t<\/div>\n\t\t\t\t<div class=\"elementor-column elementor-col-20 elementor-top-column elementor-element elementor-element-edbc6fa elementor-invisible\" data-id=\"edbc6fa\" data-element_type=\"column\" data-settings=\"{&quot;background_background&quot;:&quot;classic&quot;,&quot;animation&quot;:&quot;fadeIn&quot;}\">\n\t\t\t<div class=\"elementor-widget-wrap elementor-element-populated\">\n\t\t\t\t\t\t<div class=\"elementor-element elementor-element-a63c725 elementor-view-default elementor-widget elementor-widget-icon\" data-id=\"a63c725\" data-element_type=\"widget\" data-widget_type=\"icon.default\">\n\t\t\t\t<div class=\"elementor-widget-container\">\n\t\t\t\t\t\t\t<div class=\"elementor-icon-wrapper\">\n\t\t\t<div class=\"elementor-icon\">\n\t\t\t<i aria-hidden=\"true\" class=\"fas fa-people-carry\"><\/i>\t\t\t<\/div>\n\t\t<\/div>\n\t\t\t\t\t\t<\/div>\n\t\t\t\t<\/div>\n\t\t\t\t<div class=\"elementor-element elementor-element-63c1a45 elementor-widget elementor-widget-text-editor\" data-id=\"63c1a45\" data-element_type=\"widget\" data-widget_type=\"text-editor.default\">\n\t\t\t\t<div class=\"elementor-widget-container\">\n\t\t\t\t\t\t\t\t\t<h3><b>Trabajo en Equipo<\/b><\/h3><p>Trabajamos en forma colaborativa para alcanzar los objetivos del cliente interno y externo, desarrollando el potencial del equipo<\/p>\t\t\t\t\t\t\t\t<\/div>\n\t\t\t\t<\/div>\n\t\t\t\t\t<\/div>\n\t\t<\/div>\n\t\t\t\t<div class=\"elementor-column elementor-col-20 elementor-top-column elementor-element elementor-element-c8a8301 elementor-invisible\" data-id=\"c8a8301\" data-element_type=\"column\" data-settings=\"{&quot;background_background&quot;:&quot;classic&quot;,&quot;animation&quot;:&quot;fadeInRight&quot;}\">\n\t\t\t<div class=\"elementor-widget-wrap elementor-element-populated\">\n\t\t\t\t\t\t<div class=\"elementor-element elementor-element-88016c4 elementor-view-default elementor-widget elementor-widget-icon\" data-id=\"88016c4\" data-element_type=\"widget\" data-widget_type=\"icon.default\">\n\t\t\t\t<div class=\"elementor-widget-container\">\n\t\t\t\t\t\t\t<div class=\"elementor-icon-wrapper\">\n\t\t\t<div class=\"elementor-icon\">\n\t\t\t<i aria-hidden=\"true\" class=\"far fa-thumbs-up\"><\/i>\t\t\t<\/div>\n\t\t<\/div>\n\t\t\t\t\t\t<\/div>\n\t\t\t\t<\/div>\n\t\t\t\t<div class=\"elementor-element elementor-element-718f326 elementor-widget elementor-widget-text-editor\" data-id=\"718f326\" data-element_type=\"widget\" data-widget_type=\"text-editor.default\">\n\t\t\t\t<div class=\"elementor-widget-container\">\n\t\t\t\t\t\t\t\t\t<h3><b>Compromiso y Cumplimiento<\/b><\/h3><p>Trabajamos bajo la normativa legal chilena vigente aplicable al negocio y con el compromiso de las partes interesadas.<\/p>\t\t\t\t\t\t\t\t<\/div>\n\t\t\t\t<\/div>\n\t\t\t\t\t<\/div>\n\t\t<\/div>\n\t\t\t\t<div class=\"elementor-column elementor-col-20 elementor-top-column elementor-element elementor-element-bcee588 elementor-invisible\" data-id=\"bcee588\" data-element_type=\"column\" data-settings=\"{&quot;background_background&quot;:&quot;classic&quot;,&quot;animation&quot;:&quot;fadeInRight&quot;}\">\n\t\t\t<div class=\"elementor-widget-wrap elementor-element-populated\">\n\t\t\t\t\t\t<div class=\"elementor-element elementor-element-86beee9 elementor-view-default elementor-widget elementor-widget-icon\" data-id=\"86beee9\" data-element_type=\"widget\" data-widget_type=\"icon.default\">\n\t\t\t\t<div class=\"elementor-widget-container\">\n\t\t\t\t\t\t\t<div class=\"elementor-icon-wrapper\">\n\t\t\t<div class=\"elementor-icon\">\n\t\t\t<i aria-hidden=\"true\" class=\"fas fa-retweet\"><\/i>\t\t\t<\/div>\n\t\t<\/div>\n\t\t\t\t\t\t<\/div>\n\t\t\t\t<\/div>\n\t\t\t\t<div class=\"elementor-element elementor-element-83192b7 elementor-widget elementor-widget-text-editor\" data-id=\"83192b7\" data-element_type=\"widget\" data-widget_type=\"text-editor.default\">\n\t\t\t\t<div class=\"elementor-widget-container\">\n\t\t\t\t\t\t\t\t\t<h3><b>Mejora Continua<\/b><\/h3><p>Entregamos soluciones innovadoras para el mejoramiento continuo del negocio y sistema de gesti\u00f3n de calidad<\/p>\t\t\t\t\t\t\t\t<\/div>\n\t\t\t\t<\/div>\n\t\t\t\t\t<\/div>\n\t\t<\/div>\n\t\t\t\t\t<\/div>\n\t\t<\/section>\n\t\t\t\t<section class=\"elementor-section elementor-top-section elementor-element elementor-element-cb3be82 elementor-section-boxed elementor-section-height-default elementor-section-height-default\" data-id=\"cb3be82\" data-element_type=\"section\">\n\t\t\t\t\t\t<div class=\"elementor-container elementor-column-gap-default\">\n\t\t\t\t\t<div class=\"elementor-column elementor-col-100 elementor-top-column elementor-element elementor-element-224090c\" data-id=\"224090c\" data-element_type=\"column\">\n\t\t\t<div class=\"elementor-widget-wrap elementor-element-populated\">\n\t\t\t\t\t\t<div class=\"elementor-element elementor-element-f855d82 elementor-widget elementor-widget-text-editor\" data-id=\"f855d82\" data-element_type=\"widget\" data-widget_type=\"text-editor.default\">\n\t\t\t\t<div class=\"elementor-widget-container\">\n\t\t\t\t\t\t\t\t\t<p><b>Alejandra Sanz<\/b> <b>CEO<\/b> <b>06\/09\/2023<\/b><\/p><p><b>www.techlive.cl<\/b><\/p>\t\t\t\t\t\t\t\t<\/div>\n\t\t\t\t<\/div>\n\t\t\t\t\t<\/div>\n\t\t<\/div>\n\t\t\t\t\t<\/div>\n\t\t<\/section>\n\t\t\t\t<\/div>\n\t\t","protected":false},"excerpt":{"rendered":"<p>Pol\u00edtica de Calidad Proporcionamos servicios innovadores que se destacan por su flexibilidad acompa\u00f1ando a las empresas en todo el proceso, tanto en la etapa de venta como en el desarrollo posterior. Nuestro objetivo principal es asegurar la satisfacci\u00f3n de nuestros clientes, buscando constantemente consolidar relaciones a largo plazo, por lo que nos comprometemos a: Orientaci\u00f3n &hellip;<\/p>\n<p class=\"read-more\"> <a class=\"\" href=\"https:\/\/techlive.cl\/?page_id=1326\"> <span class=\"screen-reader-text\">Pol\u00edtica de Calidad<\/span> Leer m\u00e1s &raquo;<\/a><\/p>\n","protected":false},"author":1,"featured_media":0,"parent":0,"menu_order":0,"comment_status":"closed","ping_status":"closed","template":"","meta":{"site-sidebar-layout":"no-sidebar","site-content-layout":"page-builder","ast-site-content-layout":"","site-content-style":"default","site-sidebar-style":"default","ast-global-header-display":"","ast-banner-title-visibility":"","ast-main-header-display":"","ast-hfb-above-header-display":"","ast-hfb-below-header-display":"","ast-hfb-mobile-header-display":"","site-post-title":"disabled","ast-breadcrumbs-content":"","ast-featured-img":"disabled","footer-sml-layout":"","theme-transparent-header-meta":"","adv-header-id-meta":"","stick-header-meta":"","header-above-stick-meta":"","header-main-stick-meta":"","header-below-stick-meta":"","astra-migrate-meta-layouts":"","footnotes":""},"class_list":["post-1326","page","type-page","status-publish","hentry"],"yoast_head":"<!-- This site is optimized with the Yoast SEO plugin v21.0 - https:\/\/yoast.com\/wordpress\/plugins\/seo\/ -->\n<title>Pol\u00edtica de Calidad - techlive<\/title>\n<meta name=\"description\" content=\"Acompa\u00f1amos a las empresas en todo su proceso de innovaci\u00f3n, asegurando la correcta implementaci\u00f3n centrados en la mejora continua.\" \/>\n<meta name=\"robots\" content=\"index, follow, max-snippet:-1, max-image-preview:large, max-video-preview:-1\" \/>\n<link rel=\"canonical\" href=\"https:\/\/techlive.cl\/?page_id=1326\" \/>\n<meta property=\"og:locale\" content=\"es_ES\" \/>\n<meta property=\"og:type\" content=\"article\" \/>\n<meta property=\"og:title\" content=\"Pol\u00edtica de Calidad - techlive\" \/>\n<meta property=\"og:description\" content=\"Acompa\u00f1amos a las empresas en todo su proceso de innovaci\u00f3n, asegurando la correcta implementaci\u00f3n centrados en la mejora continua.\" \/>\n<meta property=\"og:url\" content=\"https:\/\/techlive.cl\/?page_id=1326\" \/>\n<meta property=\"og:site_name\" content=\"techlive\" \/>\n<meta property=\"article:modified_time\" content=\"2025-10-14T12:33:46+00:00\" \/>\n<meta name=\"twitter:card\" content=\"summary_large_image\" \/>\n<meta name=\"twitter:label1\" content=\"Tiempo de lectura\" \/>\n\t<meta name=\"twitter:data1\" content=\"1 minuto\" \/>\n<script type=\"application\/ld+json\" class=\"yoast-schema-graph\">{\"@context\":\"https:\/\/schema.org\",\"@graph\":[{\"@type\":\"WebPage\",\"@id\":\"https:\/\/techlive.cl\/?page_id=1326\",\"url\":\"https:\/\/techlive.cl\/?page_id=1326\",\"name\":\"Pol\u00edtica de Calidad - techlive\",\"isPartOf\":{\"@id\":\"https:\/\/techlive.cl\/#website\"},\"datePublished\":\"2025-10-14T11:28:13+00:00\",\"dateModified\":\"2025-10-14T12:33:46+00:00\",\"description\":\"Acompa\u00f1amos a las empresas en todo su proceso de innovaci\u00f3n, asegurando la correcta implementaci\u00f3n centrados en la mejora continua.\",\"breadcrumb\":{\"@id\":\"https:\/\/techlive.cl\/?page_id=1326#breadcrumb\"},\"inLanguage\":\"es\",\"potentialAction\":[{\"@type\":\"ReadAction\",\"target\":[\"https:\/\/techlive.cl\/?page_id=1326\"]}]},{\"@type\":\"BreadcrumbList\",\"@id\":\"https:\/\/techlive.cl\/?page_id=1326#breadcrumb\",\"itemListElement\":[{\"@type\":\"ListItem\",\"position\":1,\"name\":\"Portada\",\"item\":\"https:\/\/techlive.cl\/\"},{\"@type\":\"ListItem\",\"position\":2,\"name\":\"Pol\u00edtica de Calidad\"}]},{\"@type\":\"WebSite\",\"@id\":\"https:\/\/techlive.cl\/#website\",\"url\":\"https:\/\/techlive.cl\/\",\"name\":\"techlive\",\"description\":\"\",\"publisher\":{\"@id\":\"https:\/\/techlive.cl\/#organization\"},\"potentialAction\":[{\"@type\":\"SearchAction\",\"target\":{\"@type\":\"EntryPoint\",\"urlTemplate\":\"https:\/\/techlive.cl\/?s={search_term_string}\"},\"query-input\":\"required name=search_term_string\"}],\"inLanguage\":\"es\"},{\"@type\":\"Organization\",\"@id\":\"https:\/\/techlive.cl\/#organization\",\"name\":\"techlive\",\"url\":\"https:\/\/techlive.cl\/\",\"logo\":{\"@type\":\"ImageObject\",\"inLanguage\":\"es\",\"@id\":\"https:\/\/techlive.cl\/#\/schema\/logo\/image\/\",\"url\":\"https:\/\/techlive.cl\/wp-content\/uploads\/2023\/08\/log_horizontal.jpg\",\"contentUrl\":\"https:\/\/techlive.cl\/wp-content\/uploads\/2023\/08\/log_horizontal.jpg\",\"width\":612,\"height\":186,\"caption\":\"techlive\"},\"image\":{\"@id\":\"https:\/\/techlive.cl\/#\/schema\/logo\/image\/\"}}]}<\/script>\n<!-- \/ Yoast SEO plugin. -->","yoast_head_json":{"title":"Pol\u00edtica de Calidad - techlive","description":"Acompa\u00f1amos a las empresas en todo su proceso de innovaci\u00f3n, asegurando la correcta implementaci\u00f3n centrados en la mejora continua.","robots":{"index":"index","follow":"follow","max-snippet":"max-snippet:-1","max-image-preview":"max-image-preview:large","max-video-preview":"max-video-preview:-1"},"canonical":"https:\/\/techlive.cl\/?page_id=1326","og_locale":"es_ES","og_type":"article","og_title":"Pol\u00edtica de Calidad - techlive","og_description":"Acompa\u00f1amos a las empresas en todo su proceso de innovaci\u00f3n, asegurando la correcta implementaci\u00f3n centrados en la mejora continua.","og_url":"https:\/\/techlive.cl\/?page_id=1326","og_site_name":"techlive","article_modified_time":"2025-10-14T12:33:46+00:00","twitter_card":"summary_large_image","twitter_misc":{"Tiempo de lectura":"1 minuto"},"schema":{"@context":"https:\/\/schema.org","@graph":[{"@type":"WebPage","@id":"https:\/\/techlive.cl\/?page_id=1326","url":"https:\/\/techlive.cl\/?page_id=1326","name":"Pol\u00edtica de Calidad - techlive","isPartOf":{"@id":"https:\/\/techlive.cl\/#website"},"datePublished":"2025-10-14T11:28:13+00:00","dateModified":"2025-10-14T12:33:46+00:00","description":"Acompa\u00f1amos a las empresas en todo su proceso de innovaci\u00f3n, asegurando la correcta implementaci\u00f3n centrados en la mejora continua.","breadcrumb":{"@id":"https:\/\/techlive.cl\/?page_id=1326#breadcrumb"},"inLanguage":"es","potentialAction":[{"@type":"ReadAction","target":["https:\/\/techlive.cl\/?page_id=1326"]}]},{"@type":"BreadcrumbList","@id":"https:\/\/techlive.cl\/?page_id=1326#breadcrumb","itemListElement":[{"@type":"ListItem","position":1,"name":"Portada","item":"https:\/\/techlive.cl\/"},{"@type":"ListItem","position":2,"name":"Pol\u00edtica de Calidad"}]},{"@type":"WebSite","@id":"https:\/\/techlive.cl\/#website","url":"https:\/\/techlive.cl\/","name":"techlive","description":"","publisher":{"@id":"https:\/\/techlive.cl\/#organization"},"potentialAction":[{"@type":"SearchAction","target":{"@type":"EntryPoint","urlTemplate":"https:\/\/techlive.cl\/?s={search_term_string}"},"query-input":"required name=search_term_string"}],"inLanguage":"es"},{"@type":"Organization","@id":"https:\/\/techlive.cl\/#organization","name":"techlive","url":"https:\/\/techlive.cl\/","logo":{"@type":"ImageObject","inLanguage":"es","@id":"https:\/\/techlive.cl\/#\/schema\/logo\/image\/","url":"https:\/\/techlive.cl\/wp-content\/uploads\/2023\/08\/log_horizontal.jpg","contentUrl":"https:\/\/techlive.cl\/wp-content\/uploads\/2023\/08\/log_horizontal.jpg","width":612,"height":186,"caption":"techlive"},"image":{"@id":"https:\/\/techlive.cl\/#\/schema\/logo\/image\/"}}]}},"_links":{"self":[{"href":"https:\/\/techlive.cl\/index.php?rest_route=\/wp\/v2\/pages\/1326","targetHints":{"allow":["GET"]}}],"collection":[{"href":"https:\/\/techlive.cl\/index.php?rest_route=\/wp\/v2\/pages"}],"about":[{"href":"https:\/\/techlive.cl\/index.php?rest_route=\/wp\/v2\/types\/page"}],"author":[{"embeddable":true,"href":"https:\/\/techlive.cl\/index.php?rest_route=\/wp\/v2\/users\/1"}],"replies":[{"embeddable":true,"href":"https:\/\/techlive.cl\/index.php?rest_route=%2Fwp%2Fv2%2Fcomments&post=1326"}],"version-history":[{"count":10,"href":"https:\/\/techlive.cl\/index.php?rest_route=\/wp\/v2\/pages\/1326\/revisions"}],"predecessor-version":[{"id":1354,"href":"https:\/\/techlive.cl\/index.php?rest_route=\/wp\/v2\/pages\/1326\/revisions\/1354"}],"wp:attachment":[{"href":"https:\/\/techlive.cl\/index.php?rest_route=%2Fwp%2Fv2%2Fmedia&parent=1326"}],"curies":[{"name":"wp","href":"https:\/\/api.w.org\/{rel}","templated":true}]}}